s -1001010100100100101 (base 2) in base 13?
-a904a
Convert -35b26 (base 15) to base 7.
-1312206
2be3bb (base 15) to base 13
594857
32699 (base 14) to base 5
12401142
What is -2201232210 (base 4) in base 9?
-1218620
Convert 101100001111000101110 (base 2) to base 3.
2201122100212
Convert -10055202 (base 8) to base 7.
-24010461
1124882 (base 13) to base 11
2a77031
Convert -35223266 (base 7) to base 13.
-846416
10013866 (base 9) to base 3
100000110222020
2273271 (base 8) to base 6
21143213
-11100000001111010 (base 2) to base 9
-184436
-b55517 (base 13) to base 5
-2041121003
-a454a (base 14) to base 10
-396182
Convert 1000220 (base 7) to base 13.
417a7
139619 (base 10) to base 11
95997
-22201020021 (base 3) to base 7
-1312645
-25133234 (base 6) to base 7
-6563365
What is -10101001100001100100111 (base 2) in base 13?
-11c6595
510a06 (base 12) to base 13
35451c
Convert -1001001001001110100 (base 2) to base 11.
-195137
Convert -a1834 (base 11) to base 4.
-210110022
Convert 148368 (base 10) to base 9.
245463
Convert 11001111101110 (base 2) to base 11.
9a96
Convert 1042303242 (base 5) to base 7.
25415031
Convert -b26971 (base 12) to base 6.
-135450221
Convert 430050 (base 6) to base 2.
1000100011001110
Convert -d07db (base 14) to base 12.
-201ab9
What is -1153553 (base 10) in base 16?
-119a11
What is -4c5928 (base 13) in base 15?
-2654b4
What is 144444352 (base 7) in base 10?
9607957
-1043777 (base 9) to base 2
-10001000110101111101
6437a3 (base 11) to base 4
3323122333
104666 (base 10) to base 15
2102b
Convert 4b953 (base 13) to base 8.
421340
Convert 89906c (base 13) to base 4.
30120302120
146286 (base 9) to base 10
89907
Convert -18e7c (base 15) to base 7.
-454560
What is 42001243 (base 7) in base 12?
122295a
Convert -3525111 (base 8) to base 7.
-11112014
Convert 38cc51 (base 14) to base 15.
289901
Convert -293bc8 (base 15) to base 16.
-1e525b
Convert 11101010101011000100011 (base 2) to base 8.
35253043
131332123 (base 4) to base 5
12412104
1b8cb0 (base 15) to base 8
5105103
176954 (base 10) to base 2
101011001100111010
-485918 (base 15) to base 5
-1341231143
What is -e3dc3e (base 15) in base 10?
-10829759
1011221120 (base 3) to base 15
6d79
What is -110101111000010011110 (base 2) in base 10?
-1765534
24160206 (base 7) to base 5
1022231444
41286 (base 10) to base 6
515050
Convert -976a93 (base 12) to base 3.
-11111202110110
Convert 22344434 (base 6) to base 4.
2212223212
Convert 17768871 (base 9) to base 4.
202030010011
1301321 (base 6) to base 12
34841
10020210022 (base 3) to base 2
1111100111111110
Convert 223530311 (base 6) to base 15.
5605da
What is -40244003 (base 6) in base 2?
-100010110101001100011
What is 1a708 (base 12) in base 10?
39032
What is 4603743 (base 8) in base 6?
42422031
-100200212221212 (base 3) to base 14
-98278c
-1111223 (base 5) to base 10
-19563
-322022023 (base 5) to base 7
-14365414
Convert 20200010212 (base 3) to base 4.
200003330
What is -2830 (base 12) in base 11?
-3542
What is 18c930 (base 13) in base 16?
993f9
11ca01 (base 15) to base 6
30135531
What is -1146216 (base 7) in base 14?
-3b40d
664317 (base 11) to base 10
1059857
What is -138076 (base 10) in base 3?
-21000101221
224410 (base 5) to base 9
12105
What is -211546166 (base 7) in base 10?
-12566588
What is 232952 (base 10) in base 6?
4554252
56072a (base 13) to base 8
7572772
64ff8 (base 16) to base 6
12511120
What is 6060445 (base 8) in base 12?
650745
Convert 9bb61 (base 13) to base 7.
2256344
Convert -57174 (base 10) to base 11.
-39a57
What is 28245 (base 12) in base 14?
163c1
Convert -585137 (base 9) to base 7.
-2662522
-38a94 (base 16) to base 11
-149406
-11115404 (base 6) to base 8
-1221774
11210201212202 (base 3) to base 15
35694e
-3034246 (base 7) to base 4
-1120102312
431440230 (base 5) to base 8
6761355
What is 169c9 (base 14) in base 7?
324442
-109386 (base 10) to base 16
-1ab4a
What is 21123212 (base 4) in base 5?
2214010
Convert -1111011010100111110 (base 2) to base 13.
-148c09
What is -4450 (base 10) in base 16?
-1162
What is -3313312 (base 4) in base 6?
-201234
Convert 33394b0 (base 13) to base 10.
15700581
What is 228920 (base 10) in base 9?
378015
455423 (base 13) to base 16
1904f3
What is -717021 (base 9) in base 8?
-1476102
6230221 (base 10) to base 14
b826bb
-6020003 (base 7) to base 9
-1302805
Convert -173175 (base 9) to base 11.
-73697
Convert -3875411 (base 9) to base 10.
-2116621
-44673516 (base 8) to base 9
-20158868
-2a0da0 (base 14) to base 13
-3c28a9
What is 95b391 (base 14) in base 3?
100112020200011
Convert 1b40800 (base 14) to base 15.
12d9d22
1dd4b8 (base 14) to base 8
4061272
What is 2120112212 (base 3) in base 11?
35103
Convert 20318a (base 15) to base 6.
52435434
Convert 100110000110100010010 (base 2) to base 16.
130d12
-3020031441 (base 5) to base 6
-332551534
-130ca0 (base 13) to base 14
-bd474
Convert -21101466 (base 7) to base 5.
-424012004
1718325 (base 9) to base 15
13da48
What is -900d5 (base 14) in base 16?
-5474b
What is -248335 (base 9) in base 5?
-14303244
What is -30201 (base 8) in base 12?
-7229
1110000011011001000 (base 2) to base 14
bdb60
-9971 (base 10) to base 9
-14608
What is 6227d (base 15) in base 7?
2433622
What is -2a67203 (base 11) in base 2?
-10100000001111111100000
Convert aa85 (base 13) to base 6.
302013
1112120200011 (base 3) to base 12
335764
Convert 11101001000010111001110 (base 2) to base 15.
a0c9a5
What is -130616 (base 9) in base 12?
-39a29
Convert -210101110111 (base 3) to base 10.
-420970
-155c013 (base 15) to base 3
-1002010112010200
-30364 (base 12) to base 15
-138b1
Convert -3423033 (base 6) to base 16.
-2a8fd
Convert 10420412 (base 5) to base 11.
63120
-64414602 (base 7) to base 2
-10100111010101010001111
Convert -111000212021121 (base 3) to base 11.
-3a00426
What is 51005b (base 14) in base 8?
12317301
1422162 (base 8) to base 14
a69b4
-104145220 (base 6) to base 16
-1cb12c
-136095 (base 10) to base 13
-49c3b
Convert -84263 (base 9) to base 14.
-163b1
Convert -506351 (base 12) to base 9.
-2322507
Convert 11001000100100110 (base 2) to base 14.
295d4
Convert -2981d (base 15) to base 13.
-48988
-11100111000110101010111 (base 2) to base 4
-130320311113
3d2fb6 (base 16) to base 14
7654a2
Convert -10010110101011011110 (base 2) to base 14.
-120cc6
Convert -32636005 (base 8) to base 9.
-14201184
Convert eabc (base 15) to base 6.
1021553
What is 6bd398 (base 14) in base 6?
211000230
-480838 (base 10) to base 15
-9770d
11223103 (base 4) to base 2
101101011010011
Convert 12251263 (base 7) to base 5.
240324241
-433243 (base 7) to base 6
-1341541
What is -a2602a (base 12) in base 4?
-21230022202
What is -a1a2d7 (base 15) in base 3?
-112110010022011
Convert 1312441110 (base 5) to base 10.
3249530
Convert -4753622 (base 8) to base 7.
-14024111
What is 1324212412 (base 5) in base 12?
1157286
What is -d (base 15) in base 5?
-23
Convert 3c391 (base 13) to base 8.
334040
Convert 21210502 (base 6) to base 2.
10011000001111000110
What is -76cbf9 (base 16) in base 10?
-7785465
What is -103274 (base 10) in base 6?
-2114042
Convert 281a91 (base 11) to base 10.
441871
What is -92a4 (base 15) in base 11?
-21303
43026 (base 13) to base 15
25c2c
Convert 547850 (base 10) to base 5.
120012400
What is -347417 (base 8) in base 2?
-11100111100001111
Convert 297605 (base 13) to base 9.
1817655
7806 (base 12) to base 15
3dd9
What is 471726 (base 11) in base 16?
b6d61
-3664033 (base 8) to base 6
-33350255
Convert 252320230 (base 6) to base 11.
28320a9
-22520 (base 7) to base 8
-13163
What is 8b96aa (base 12) in base 13?
603580
182493 (base 10) to base 7
1360023
What is 3210013100 (base 4) in base 8?
3440720
What is 7726 (base 12) in base 10?
13134
Convert -247598 (base 11) to base 10.
-390695
53022251 (base 7) to base 10
4476284
What is -412002 (base 5) in base 9?
-20313
29e46 (base 16) to base 15
35c95
What is 13230002113 (base 4) in base 6?
111110251
What is -17c6a6a (base 13) in base 4?
-131230102000
What is 11824802 (base 9) in base 8?
26106742
10010000111100000 (base 2) to base 13
27a14
-335206a (base 12) to base 9
-20414061
-52268 (base 13) to base 2
-100100000010100111
Convert -22403110 (base 5) to base 3.
-101011220102
What is 34345144 (base 6) in base 10?
1056088
2101022003 (base 4) to base 3
1010012120212
Conve